{"id":272,"date":"2023-11-24T20:10:48","date_gmt":"2023-11-24T18:10:48","guid":{"rendered":"https:\/\/seic-evo.com\/circularitat-copy\/"},"modified":"2024-01-29T15:08:40","modified_gmt":"2024-01-29T13:08:40","slug":"politica-de-privacitat","status":"publish","type":"page","link":"https:\/\/seic-evo.com\/ca\/politica-de-privacitat\/","title":{"rendered":"Pol\u00edtica de privacitat"},"content":{"rendered":"\n<div class=\"wp-block-seic-capcalera section seic--height fp-auto-height fp-seic-height-75 __hide_slidesNav com-filet filet-abaix\" data-anchor=\"\" data-navtt=\"\">\n<div class=\"wp-block-seic-capcalera-item __slick-slide mod-slide blanc\"><div class=\"maq-contenidor\"><p class=\"com_titular_3\">Pol\u00edtica de privacitat<\/p><p class=\"com_titular_4\">SEIC | Soluciones de ingenier\u00eda y capitall<\/p><\/div><div class=\"blured\" style=\"background-image:url(https:\/\/seic-evo.com\/wp-content\/uploads\/web-seic-1.jpg)\"><\/div><div class=\"fixed\"><\/div><\/div>\n<\/div>\n\n\n\n<div class=\"wp-block-seic-seccio-dos-cols section fons-blanc com-filet seic-100-height padding-mig dos-columnes\" data-anchor=\"Pol\u00edtica-privacitat\" data-navtt=\"Pol\u00edtica de privacitat\"><div class=\"wrapper-bg-color\"><div class=\"maq-contenidor\">\n<div class=\"wp-block-seic-columna-seccio col vertical_superior esq\">\n<h3 class=\"wp-block-heading has-text-align-left is-style-deseic-titular-mig has-large-font-size\" id=\"h-ley-de-los-servicios-de-la-sociedad-de-la-informacion-lssi\">Informaci\u00f3 sobre protecci\u00f3 de dades<\/h3>\n\n\n\n<p>Responsable: SEIC SL<br>CIF: B67276246<br>Adre\u00e7a postal: Av. Maties Guasch, 57 &#8211; 08786 Capellades, BARCELONA (SPAIN)<br>Tel\u00e8fon de contacte: +34 613 116 609 <br>Correu electr\u00f2nic: <a href=\"mailto:info@deseic.com\">info@seic-evo.com<\/a><\/p>\n\n\n\n<p class=\"is-style-tfc-titular-petit is-style-deseic-titular-mig has-large-font-size\">Finalitat<\/p>\n\n\n\n<p>Per qu\u00e8 fem servir les dades?<br>La seg\u00fcent Pol\u00edtica de Privadesa estableix els termes en qu\u00e8 tractarem les dades personals a SEIC SL; aix\u00f2 inclou qualsevol dada personal recollida a trav\u00e9s de la nostra p\u00e0gina web www.deseic.com aix\u00ed com qualsevol altra dada que tractem en exercici de la nostra activitat empresarial.<br>SEIC SL; recull les dades personals seg\u00fcents amb les finalitats a continuaci\u00f3 indicades:<\/p>\n\n\n\n<p>Formulari resolgui els vostres dubtes: les dades personals recollides a trav\u00e9s d&#8217;aquest formulari seran exclusivament utilitzades per gestionar la resoluci\u00f3 dels vostres dubtes, aix\u00ed com per informar-vos de les nostres novetats comercials.<\/p>\n\n\n\n<p>Newsleter: les dades recollides seran exclusivament utilitzades per remetre-li les newsletters, aix\u00ed com comunicacions comercials de promocions i\/o publicitat dels nostres serveis.<\/p>\n\n\n\n<p>Formulari de contacte: les dades personals recollides a trav\u00e9s d&#8217;aquest formulari seran exclusivament utilitzades per informar-vos sobre els serveis que ens heu sol\u00b7licitat, aix\u00ed com per informar-vos de les nostres novetats comercials.<\/p>\n\n\n\n<p>Dades de candidats a vacants laborals de SEIC SL: en el cas que ens envieu el vostre CV o de realitzar una entrevista de treball a les nostres oficines, les vostres dades seran utilitzades per cobrir possibles vacants laborals a la nostra companyia. En el sup\u00f2sit de ser contractat, les vostres dades personals seran exclusivament utilitzades per gestionar la relaci\u00f3 laboral amb SEIC SL.<\/p>\n\n\n\n<p class=\"has-text-align-left is-style-deseic-titular-mig has-large-font-size\">Quant de temps custodiem les vostres dades?<\/p>\n\n\n\n<p>Les dades de possibles clients que no acabin contractant cap servei, seran autom\u00e0ticament eliminades passat un any des del darrer contacte. En cas de contractar algun servei, les dades seran tractades mentre duri la relaci\u00f3 comercial i, una vegada conclosa pel temps necessari per respondre davant de possibles responsabilitats legals especialment totes les relacionades amb les garanties de b\u00e9ns de consum.<br>En relaci\u00f3 amb les dades laborals aquestes seran tractades mentre duri aquesta relaci\u00f3 i una vegada conclosa, pel temps necessari per respondre per possibles incompliments en aquest \u00e0mbit. En cas que ens hagueu enviat el vostre CV o de fer alguna entrevista per una vacant laboral, les vostres dades personals seran arxivades per un per\u00edode d&#8217;un any, despr\u00e9s del qual, de no haver estat seleccionat, seran esborrades dels nostres sistemes.<br>Les dades proporcionades per a l&#8217;enviament de la newsletter es conservaran fins que ens manifesti la vostra voluntat de no rebre m\u00e9s comunicacions nostres. Podeu exercir el dret d&#8217;oposici\u00f3 a trav\u00e9s dels canals anunciats en aquesta Pol\u00edtica de Privadesa.<\/p>\n<\/div>\n\n\n\n<div class=\"wp-block-seic-columna-seccio col vertical_superior esq\">\n<p>Legitimitzaci\u00f3<br>La legitimitzaci\u00f3 per tractar les dades dels clients, aix\u00ed com les relacionades amb els treballadors, \u00e9s el compliment de la relaci\u00f3 contractual.<br>La base legal per al tractament de les dades dels possibles clients \u00e9s el consentiment de linteressat.<br>La base legal per al tractament de les vostres dades per a l&#8217;enviament de la newsletter i publicitat \u00e9s el consentiment per part de l&#8217;interessat.<\/p>\n\n\n\n<p class=\"is-style-tfc-titular-petit is-style-deseic-titular-mig has-large-font-size\">Destinataris<\/p>\n\n\n\n<p>Cessions de dades a tercers<br>Les vostres dades personals no seran cedides a tercers sense el vostre consentiment, excepte aquells prove\u00efdors de serveis amb qu\u00e8 disposem d&#8217;un contracte de servei vigent o que intervingui una llei que obligui SEIC SL a tal cessi\u00f3 de dades.<br>Categoria de dades<br>Tipologia de dades tractades:<\/p>\n\n\n\n<p>Dades identificatives (Nom, cognoms).<\/p>\n\n\n\n<p>Dades de contacte (email, tel\u00e8fon, adre\u00e7a).<\/p>\n\n\n\n<p>Dades banc\u00e0ries.<\/p>\n\n\n\n<p>Historial laboral.<\/p>\n\n\n\n<p>Historial acad\u00e8mic.<\/p>\n\n\n\n<p class=\"is-style-tfc-titular-petit is-style-deseic-titular-mig has-large-font-size\">Drets<\/p>\n\n\n\n<p>T\u00e9 dret a:<\/p>\n\n\n\n<p>Accedir a les dades personals.<\/p>\n\n\n\n<p>Rectificar les dades personals.<\/p>\n\n\n\n<p>Suprimir les dades personals.<\/p>\n\n\n\n<p>Presentar una den\u00fancia o un escrit per a la tutela dels seus drets davant de l&#8217;Ag\u00e8ncia Espanyola de Protecci\u00f3 de Dades o davant de l&#8217;ag\u00e8ncia auton\u00f2mica de protecci\u00f3 de dades, si n&#8217;hi ha.<\/p>\n\n\n\n<p>Ser informat de qualsevol incid\u00e8ncia de seguretat que pugui afectar els seus drets.<\/p>\n\n\n\n<p>Limitaci\u00f3 del tractament.<\/p>\n\n\n\n<p>Portabilitat.<\/p>\n\n\n\n<p>Als documents (contracte de lloguer, oferta lloguer, comanda a prove\u00efdor\u2026) cal posar el text seg\u00fcent:<\/p>\n\n\n\n<p>SEIC SL recull les vostres dades amb la finalitat de poder-vos oferir el servei que heu contractat, la base legal per poder tractar les vostres dades \u00e9s el compliment de la relaci\u00f3 contractual, aix\u00ed com l&#8217;inter\u00e8s leg\u00edtim del responsable del tractament. Les vostres dades no seran compartides amb cap tercer, excepte aquells prove\u00efdors de serveis amb qu\u00e8 disposem d&#8217;un contracte de serveis vigent o que intervingui una llei que obligui a aquesta cessi\u00f3 de dades. Podeu accedir, rectificar o suprimir les dades, aix\u00ed com exercir els drets que s&#8217;esmenten a la nostra Pol\u00edtica de Privadesa. Per a m\u00e9s informaci\u00f3 consulta la Pol\u00edtica de Privadesa a la nostra p\u00e0gina web&nbsp;<a href=\"http:\/\/www.seic-evo.com\">www.seic-evo.com<\/a><\/p>\n<\/div>\n<\/div><\/div><\/div>\n","protected":false},"excerpt":{"rendered":"","protected":false},"author":1,"featured_media":0,"parent":0,"menu_order":0,"comment_status":"closed","ping_status":"closed","template":"maq_fullpage.php","meta":{"footnotes":""},"class_list":["post-272","page","type-page","status-publish","hentry"],"_links":{"self":[{"href":"https:\/\/seic-evo.com\/ca\/wp-json\/wp\/v2\/pages\/272","targetHints":{"allow":["GET"]}}],"collection":[{"href":"https:\/\/seic-evo.com\/ca\/wp-json\/wp\/v2\/pages"}],"about":[{"href":"https:\/\/seic-evo.com\/ca\/wp-json\/wp\/v2\/types\/page"}],"author":[{"embeddable":true,"href":"https:\/\/seic-evo.com\/ca\/wp-json\/wp\/v2\/users\/1"}],"replies":[{"embeddable":true,"href":"https:\/\/seic-evo.com\/ca\/wp-json\/wp\/v2\/comments?post=272"}],"version-history":[{"count":15,"href":"https:\/\/seic-evo.com\/ca\/wp-json\/wp\/v2\/pages\/272\/revisions"}],"predecessor-version":[{"id":1545,"href":"https:\/\/seic-evo.com\/ca\/wp-json\/wp\/v2\/pages\/272\/revisions\/1545"}],"wp:attachment":[{"href":"https:\/\/seic-evo.com\/ca\/wp-json\/wp\/v2\/media?parent=272"}],"curies":[{"name":"wp","href":"https:\/\/api.w.org\/{rel}","templated":true}]}}

Política de privacitat

<div class="wp-block-seic-capcalera section seic--height fp-auto-height fp-seic-height-75 __hide_slidesNav com-filet filet-abaix" data-anchor="" data-navtt="">
<div class="wp-block-seic-capcalera-item __slick-slide mod-slide blanc"><div class="maq-contenidor"><p class="com_titular_3">Política de privacitat</p><p class="com_titular_4">SEIC | Soluciones de ingeniería y capitall</p></div><div class="blured" style="background-image:url(https://seic-evo.com/wp-content/uploads/web-seic-1.jpg)"></div><div class="fixed"></div></div>
</div>



<div class="wp-block-seic-seccio-dos-cols section fons-blanc com-filet seic-100-height padding-mig dos-columnes" data-anchor="Política-privacitat" data-navtt="Política de privacitat"><div class="wrapper-bg-color"><div class="maq-contenidor">
<div class="wp-block-seic-columna-seccio col vertical_superior esq">
<h3 class="wp-block-heading has-text-align-left is-style-deseic-titular-mig has-large-font-size" id="h-ley-de-los-servicios-de-la-sociedad-de-la-informacion-lssi">Informació sobre protecció de dades</h3>



<p>Responsable: SEIC SL<br>CIF: B67276246<br>Adreça postal: Av. Maties Guasch, 57 &#8211; 08786 Capellades, BARCELONA (SPAIN)<br>Telèfon de contacte: +34 613 116 609 <br>Correu electrònic: <a href="mailto:info@deseic.com">info@seic-evo.com</a></p>



<p class="is-style-tfc-titular-petit is-style-deseic-titular-mig has-large-font-size">Finalitat</p>



<p>Per què fem servir les dades?<br>La següent Política de Privadesa estableix els termes en què tractarem les dades personals a SEIC SL; això inclou qualsevol dada personal recollida a través de la nostra pàgina web www.deseic.com així com qualsevol altra dada que tractem en exercici de la nostra activitat empresarial.<br>SEIC SL; recull les dades personals següents amb les finalitats a continuació indicades:</p>



<p>Formulari resolgui els vostres dubtes: les dades personals recollides a través d&#8217;aquest formulari seran exclusivament utilitzades per gestionar la resolució dels vostres dubtes, així com per informar-vos de les nostres novetats comercials.</p>



<p>Newsleter: les dades recollides seran exclusivament utilitzades per remetre-li les newsletters, així com comunicacions comercials de promocions i/o publicitat dels nostres serveis.</p>



<p>Formulari de contacte: les dades personals recollides a través d&#8217;aquest formulari seran exclusivament utilitzades per informar-vos sobre els serveis que ens heu sol·licitat, així com per informar-vos de les nostres novetats comercials.</p>



<p>Dades de candidats a vacants laborals de SEIC SL: en el cas que ens envieu el vostre CV o de realitzar una entrevista de treball a les nostres oficines, les vostres dades seran utilitzades per cobrir possibles vacants laborals a la nostra companyia. En el supòsit de ser contractat, les vostres dades personals seran exclusivament utilitzades per gestionar la relació laboral amb SEIC SL.</p>



<p class="has-text-align-left is-style-deseic-titular-mig has-large-font-size">Quant de temps custodiem les vostres dades?</p>



<p>Les dades de possibles clients que no acabin contractant cap servei, seran automàticament eliminades passat un any des del darrer contacte. En cas de contractar algun servei, les dades seran tractades mentre duri la relació comercial i, una vegada conclosa pel temps necessari per respondre davant de possibles responsabilitats legals especialment totes les relacionades amb les garanties de béns de consum.<br>En relació amb les dades laborals aquestes seran tractades mentre duri aquesta relació i una vegada conclosa, pel temps necessari per respondre per possibles incompliments en aquest àmbit. En cas que ens hagueu enviat el vostre CV o de fer alguna entrevista per una vacant laboral, les vostres dades personals seran arxivades per un període d&#8217;un any, després del qual, de no haver estat seleccionat, seran esborrades dels nostres sistemes.<br>Les dades proporcionades per a l&#8217;enviament de la newsletter es conservaran fins que ens manifesti la vostra voluntat de no rebre més comunicacions nostres. Podeu exercir el dret d&#8217;oposició a través dels canals anunciats en aquesta Política de Privadesa.</p>
</div>



<div class="wp-block-seic-columna-seccio col vertical_superior esq">
<p>Legitimització<br>La legitimització per tractar les dades dels clients, així com les relacionades amb els treballadors, és el compliment de la relació contractual.<br>La base legal per al tractament de les dades dels possibles clients és el consentiment de linteressat.<br>La base legal per al tractament de les vostres dades per a l&#8217;enviament de la newsletter i publicitat és el consentiment per part de l&#8217;interessat.</p>



<p class="is-style-tfc-titular-petit is-style-deseic-titular-mig has-large-font-size">Destinataris</p>



<p>Cessions de dades a tercers<br>Les vostres dades personals no seran cedides a tercers sense el vostre consentiment, excepte aquells proveïdors de serveis amb què disposem d&#8217;un contracte de servei vigent o que intervingui una llei que obligui SEIC SL a tal cessió de dades.<br>Categoria de dades<br>Tipologia de dades tractades:</p>



<p>Dades identificatives (Nom, cognoms).</p>



<p>Dades de contacte (email, telèfon, adreça).</p>



<p>Dades bancàries.</p>



<p>Historial laboral.</p>



<p>Historial acadèmic.</p>



<p class="is-style-tfc-titular-petit is-style-deseic-titular-mig has-large-font-size">Drets</p>



<p>Té dret a:</p>



<p>Accedir a les dades personals.</p>



<p>Rectificar les dades personals.</p>



<p>Suprimir les dades personals.</p>



<p>Presentar una denúncia o un escrit per a la tutela dels seus drets davant de l&#8217;Agència Espanyola de Protecció de Dades o davant de l&#8217;agència autonòmica de protecció de dades, si n&#8217;hi ha.</p>



<p>Ser informat de qualsevol incidència de seguretat que pugui afectar els seus drets.</p>



<p>Limitació del tractament.</p>



<p>Portabilitat.</p>



<p>Als documents (contracte de lloguer, oferta lloguer, comanda a proveïdor…) cal posar el text següent:</p>



<p>SEIC SL recull les vostres dades amb la finalitat de poder-vos oferir el servei que heu contractat, la base legal per poder tractar les vostres dades és el compliment de la relació contractual, així com l&#8217;interès legítim del responsable del tractament. Les vostres dades no seran compartides amb cap tercer, excepte aquells proveïdors de serveis amb què disposem d&#8217;un contracte de serveis vigent o que intervingui una llei que obligui a aquesta cessió de dades. Podeu accedir, rectificar o suprimir les dades, així com exercir els drets que s&#8217;esmenten a la nostra Política de Privadesa. Per a més informació consulta la Política de Privadesa a la nostra pàgina web&nbsp;<a href="http://www.seic-evo.com">www.seic-evo.com</a></p>
</div>
</div></div></div>
