{"id":1355,"date":"2023-11-24T20:10:48","date_gmt":"2023-11-24T18:10:48","guid":{"rendered":"https:\/\/seic-evo.com\/politica-de-privacitat-2\/"},"modified":"2024-01-29T15:05:01","modified_gmt":"2024-01-29T13:05:01","slug":"politica-de-privacidad","status":"publish","type":"page","link":"https:\/\/seic-evo.com\/es\/politica-de-privacidad\/","title":{"rendered":"Pol\u00edtica de privacidad"},"content":{"rendered":"\n<div class=\"wp-block-seic-capcalera section seic--height fp-auto-height fp-seic-height-75 __hide_slidesNav com-filet filet-abaix\" data-anchor=\"\" data-navtt=\"\">\n<div class=\"wp-block-seic-capcalera-item __slick-slide mod-slide blanc\"><div class=\"maq-contenidor\"><p class=\"com_titular_3\">Pol\u00edtica de privacidad<\/p><p class=\"com_titular_4\">La responsabilitat ecol\u00f2gica ja no \u00e9s una bondat, <br>\u00e9s una necessitat.<\/p><\/div><div class=\"blured\" style=\"background-image:url(https:\/\/seic-evo.com\/wp-content\/uploads\/web-seic-1.jpg)\"><\/div><div class=\"fixed\"><\/div><\/div>\n<\/div>\n\n\n\n<div class=\"wp-block-seic-seccio-dos-cols section fons-blanc com-filet seic-100-height padding-mig dos-columnes\" data-anchor=\"Pol\u00edtica-privacitat\" data-navtt=\"Pol\u00edtica de privacitat\"><div class=\"wrapper-bg-color\"><div class=\"maq-contenidor\">\n<div class=\"wp-block-seic-columna-seccio col vertical_superior esq\">\n<h3 class=\"wp-block-heading has-text-align-left is-style-deseic-titular-mig has-large-font-size\" id=\"h-ley-de-los-servicios-de-la-sociedad-de-la-informacion-lssi\">Informaci\u00f3n sobre protecci\u00f3n de datos<\/h3>\n\n\n\n<p id=\"block-ff91c875-29b3-450b-9c3c-da85bc08d979\"><strong>Denominaci\u00f3n social<\/strong><br>Responsable: SEIC SL<br>CIF: B67276246<br>Direcci\u00f3n: Av. Maties Guasch, 57 &#8211; 08786 Capellades, BARCELONA (SPAIN)<br>Tel\u00e9fon de contacto: +34 613 116 609 <br>Correu electr\u00f2nic: <a href=\"mailto:info@deseic.com\">info@seic-evo.com<\/a><\/p>\n\n\n\n<p class=\"has-large-font-size\" id=\"block-f2b7f89e-d42c-4e5b-8396-07c3d6ee9702\">Finalidad<\/p>\n\n\n\n<p id=\"block-ce978bce-1098-4664-95cf-308da507a9bd\"><strong>\u00bfPara qu\u00e9 usamos los datos?<\/strong><br>La siguiente Pol\u00edtica de Privacidad establece los t\u00e9rminos en que trataremos los datos personales en EIC SL; esto incluye cualquier dato personal recogido a trav\u00e9s de nuestra p\u00e1gina web&nbsp;<a href=\"http:\/\/www.seic-evo.com\">www.seic-evo.com<\/a>&nbsp;as\u00ed como cualquier otro dato que tratemos en ejercicio de nuestra actividad empresarial.<br>SEIC SL; recoge los siguientes datos personales con las finalidades a continuaci\u00f3n indicadas:<\/p>\n\n\n\n<p>Formulario resuelva sus dudas: los datos personales recogidos a trav\u00e9s de este formulario ser\u00e1n exclusivamente utilizados para gestionar la resoluci\u00f3n de sus dudas, as\u00ed como para informarle de nuestras novedades comerciales.<\/p>\n\n\n\n<p>Newsleter: los datos recogidos ser\u00e1n exclusivamente utilizados para remitirle las newsletters, as\u00ed como comunicaciones comerciales de promociones y\/o publicidad de nuestros servicios.<\/p>\n\n\n\n<p>Formulario de contacto: los datos personales recogidos a trav\u00e9s de este formulario ser\u00e1n exclusivamente utilizados para informarle sobre los servicios que nos haya solicitado, as\u00ed como para informarle de nuestras novedades comerciales.<\/p>\n\n\n\n<p>Datos de candidatos a vacantes laborales de SEIC SL: en el caso de que nos env\u00ede su CV o de realizar una entrevista de trabajo en nuestras oficinas, sus datos ser\u00e1n utilizados para cubrir posibles vacantes laborales en nuestra compa\u00f1\u00eda. En el supuesto de ser contratado, sus datos personales ser\u00e1n exclusivamente utilizados para gestionar la relaci\u00f3n laboral con SEIC SL<\/p>\n\n\n\n<p class=\"has-large-font-size\" id=\"block-29d20ccd-5639-4d91-b239-3020b65f97bf\">\u00bfCu\u00e1nto tiempo custodiamos sus datos?<\/p>\n\n\n\n<p id=\"block-73808b7f-fec0-47a4-bd6c-2c7115a9a3e5\">Los datos de posibles clientes que no acaben contratando ning\u00fan servicio, ser\u00e1n autom\u00e1ticamente eliminados pasado un a\u00f1o desde el \u00faltimo contacto. En caso de contratar alg\u00fan servicio, los datos ser\u00e1n tratados mientras dure la relaci\u00f3n comercial y, una vez concluida por el tiempo necesario para responder ante posibles responsabilidades legales especialmente todas las relacionadas con las garant\u00edas de bienes de consumo.<br>En relaci\u00f3n a los datos laborales \u00e9stos ser\u00e1n tratados mientras dure dicha relaci\u00f3n y una vez concluida, por el tiempo necesario para responder por posibles incumplimientos en este \u00e1mbito. En el supuesto de que nos haya enviado su CV o de realizar alguna entrevista por una vacante laboral, sus datos personales ser\u00e1n archivados por un per\u00edodo de un a\u00f1o, tras el cual, de no haber sido seleccionado, ser\u00e1n borrados de nuestros sistemas.<br>Los datos proporcionados para el env\u00edo de la newsletter se conservar\u00e1n hasta que nos manifieste su voluntad de no recibir m\u00e1s comunicaciones nuestras. Puede ejercer el derecho de oposici\u00f3n a trav\u00e9s de los canales anunciados en esta Pol\u00edtica de Privacidad.<\/p>\n<\/div>\n\n\n\n<div class=\"wp-block-seic-columna-seccio col vertical_superior esq\">\n<p>Legitimizaci\u00f3n<br>La legitimizaci\u00f3n para tratar los datos de los clientes, as\u00ed como aquellos relacionados con los trabajadores, es el cumplimiento de la relaci\u00f3n contractual.<br>La base legal para el tratamiento de los datos de los posibles clientes es el consentimiento del interesado.<br>La base legal para el tratamiento de sus datos para el env\u00edo de la newsletter y publicidad es el consentimiento por parte del interesado.<\/p>\n\n\n\n<p class=\"has-large-font-size\" id=\"block-f6d1eb43-469e-4fa5-92fc-a8923d572e67\">Destinatarios<\/p>\n\n\n\n<p id=\"block-9e89db74-8847-457d-a503-cb2c2addf4b5\"><strong>Cesiones de datos a terceros<\/strong><br>Sus datos personales no ser\u00e1n cedidos a terceros sin su consentimiento, salvo aquellos proveedores de servicios con los que disponemos de un contrato de servicio vigente o que medie una ley que obligue a SEIC SL a tal cesi\u00f3n de datos.<br><strong>Categor\u00eda de datos<\/strong><br><strong>Tipolog\u00eda de datos tratados:<\/strong><\/p>\n\n\n\n<p>Datos identificativos (Nombre, apellidos).<\/p>\n\n\n\n<p>Datos de contacto (email, tel\u00e9fono, direcci\u00f3n).<\/p>\n\n\n\n<p>Datos bancarios.<\/p>\n\n\n\n<p>Historial laboral.<\/p>\n\n\n\n<p>Historial acad\u00e9mico.<\/p>\n\n\n\n<p class=\"has-large-font-size\" id=\"block-1b717176-4b90-4d24-9958-cbc075aefd0b\"><strong>Derechos<\/strong><\/p>\n\n\n\n<p id=\"block-36560318-4042-404a-bec0-3b3daf795e75\"><strong>Tiene derecho a:<\/strong><\/p>\n\n\n\n<p>Acceder a los datos personales.<\/p>\n\n\n\n<p>Rectificar los datos personales.<\/p>\n\n\n\n<p>Suprimir los datos personales.<\/p>\n\n\n\n<p>Presentar una denuncia o un escrito para la tutela de sus derechos ante la Agencia Espa\u00f1ola de Protecci\u00f3n de Datos o ante la agencia auton\u00f3mica de protecci\u00f3n de datos, en caso de que existiera.<\/p>\n\n\n\n<p>Ser informado de cualquier incidencia de seguridad que pueda afectar a sus derechos.<\/p>\n\n\n\n<p>Limitaci\u00f3n del tratamiento.<\/p>\n\n\n\n<p>Portabilidad.<\/p>\n\n\n\n<p id=\"block-582df5ad-5499-4cc2-9be4-02ff4bf4eae1\">En los documentos (contrato de alquiler, oferta alquiler, pedido a proveedor\u2026) hay que poner el siguiente texto:<\/p>\n\n\n\n<p id=\"block-7f82dada-f1bd-4492-a72d-8339294eed34\">SEIC SL recoge sus datos con la finalidad de poderle ofrecer el servicio que ha contratado, la base legal para poder tratar sus datos es el cumplimiento de la relaci\u00f3n contractual, as\u00ed como el inter\u00e9s leg\u00edtimo del responsable del tratamiento. Sus datos no ser\u00e1n compartidos con ning\u00fan tercero, salvo aquellos proveedores de servicios con los que disponemos de un contrato de servicios vigente o que medie una ley que obligue a tal cesi\u00f3n de datos. Puede acceder, rectificar o suprimir los datos, as\u00ed como ejercer los derechos que se mencionan en nuestra Pol\u00edtica de Privacidad. Para m\u00e1s informaci\u00f3n consulta la Pol\u00edtica de Privacidad en nuestra p\u00e1gina web&nbsp;<a href=\"http:\/\/www.seic-evo.com\">www.seic-evo.com<\/a><\/p>\n<\/div>\n<\/div><\/div><\/div>\n","protected":false},"excerpt":{"rendered":"","protected":false},"author":1,"featured_media":0,"parent":0,"menu_order":0,"comment_status":"closed","ping_status":"closed","template":"maq_fullpage.php","meta":{"footnotes":""},"class_list":["post-1355","page","type-page","status-publish","hentry"],"_links":{"self":[{"href":"https:\/\/seic-evo.com\/es\/wp-json\/wp\/v2\/pages\/1355","targetHints":{"allow":["GET"]}}],"collection":[{"href":"https:\/\/seic-evo.com\/es\/wp-json\/wp\/v2\/pages"}],"about":[{"href":"https:\/\/seic-evo.com\/es\/wp-json\/wp\/v2\/types\/page"}],"author":[{"embeddable":true,"href":"https:\/\/seic-evo.com\/es\/wp-json\/wp\/v2\/users\/1"}],"replies":[{"embeddable":true,"href":"https:\/\/seic-evo.com\/es\/wp-json\/wp\/v2\/comments?post=1355"}],"version-history":[{"count":1,"href":"https:\/\/seic-evo.com\/es\/wp-json\/wp\/v2\/pages\/1355\/revisions"}],"predecessor-version":[{"id":1541,"href":"https:\/\/seic-evo.com\/es\/wp-json\/wp\/v2\/pages\/1355\/revisions\/1541"}],"wp:attachment":[{"href":"https:\/\/seic-evo.com\/es\/wp-json\/wp\/v2\/media?parent=1355"}],"curies":[{"name":"wp","href":"https:\/\/api.w.org\/{rel}","templated":true}]}}

Política de privacidad

<div class="wp-block-seic-capcalera section seic--height fp-auto-height fp-seic-height-75 __hide_slidesNav com-filet filet-abaix" data-anchor="" data-navtt="">
<div class="wp-block-seic-capcalera-item __slick-slide mod-slide blanc"><div class="maq-contenidor"><p class="com_titular_3">Política de privacidad</p><p class="com_titular_4">La responsabilitat ecològica ja no és una bondat, <br>és una necessitat.</p></div><div class="blured" style="background-image:url(https://seic-evo.com/wp-content/uploads/web-seic-1.jpg)"></div><div class="fixed"></div></div>
</div>



<div class="wp-block-seic-seccio-dos-cols section fons-blanc com-filet seic-100-height padding-mig dos-columnes" data-anchor="Política-privacitat" data-navtt="Política de privacitat"><div class="wrapper-bg-color"><div class="maq-contenidor">
<div class="wp-block-seic-columna-seccio col vertical_superior esq">
<h3 class="wp-block-heading has-text-align-left is-style-deseic-titular-mig has-large-font-size" id="h-ley-de-los-servicios-de-la-sociedad-de-la-informacion-lssi">Información sobre protección de datos</h3>



<p id="block-ff91c875-29b3-450b-9c3c-da85bc08d979"><strong>Denominación social</strong><br>Responsable: SEIC SL<br>CIF: B67276246<br>Dirección: Av. Maties Guasch, 57 &#8211; 08786 Capellades, BARCELONA (SPAIN)<br>Teléfon de contacto: +34 613 116 609 <br>Correu electrònic: <a href="mailto:info@deseic.com">info@seic-evo.com</a></p>



<p class="has-large-font-size" id="block-f2b7f89e-d42c-4e5b-8396-07c3d6ee9702">Finalidad</p>



<p id="block-ce978bce-1098-4664-95cf-308da507a9bd"><strong>¿Para qué usamos los datos?</strong><br>La siguiente Política de Privacidad establece los términos en que trataremos los datos personales en EIC SL; esto incluye cualquier dato personal recogido a través de nuestra página web&nbsp;<a href="http://www.seic-evo.com">www.seic-evo.com</a>&nbsp;así como cualquier otro dato que tratemos en ejercicio de nuestra actividad empresarial.<br>SEIC SL; recoge los siguientes datos personales con las finalidades a continuación indicadas:</p>



<p>Formulario resuelva sus dudas: los datos personales recogidos a través de este formulario serán exclusivamente utilizados para gestionar la resolución de sus dudas, así como para informarle de nuestras novedades comerciales.</p>



<p>Newsleter: los datos recogidos serán exclusivamente utilizados para remitirle las newsletters, así como comunicaciones comerciales de promociones y/o publicidad de nuestros servicios.</p>



<p>Formulario de contacto: los datos personales recogidos a través de este formulario serán exclusivamente utilizados para informarle sobre los servicios que nos haya solicitado, así como para informarle de nuestras novedades comerciales.</p>



<p>Datos de candidatos a vacantes laborales de SEIC SL: en el caso de que nos envíe su CV o de realizar una entrevista de trabajo en nuestras oficinas, sus datos serán utilizados para cubrir posibles vacantes laborales en nuestra compañía. En el supuesto de ser contratado, sus datos personales serán exclusivamente utilizados para gestionar la relación laboral con SEIC SL</p>



<p class="has-large-font-size" id="block-29d20ccd-5639-4d91-b239-3020b65f97bf">¿Cuánto tiempo custodiamos sus datos?</p>



<p id="block-73808b7f-fec0-47a4-bd6c-2c7115a9a3e5">Los datos de posibles clientes que no acaben contratando ningún servicio, serán automáticamente eliminados pasado un año desde el último contacto. En caso de contratar algún servicio, los datos serán tratados mientras dure la relación comercial y, una vez concluida por el tiempo necesario para responder ante posibles responsabilidades legales especialmente todas las relacionadas con las garantías de bienes de consumo.<br>En relación a los datos laborales éstos serán tratados mientras dure dicha relación y una vez concluida, por el tiempo necesario para responder por posibles incumplimientos en este ámbito. En el supuesto de que nos haya enviado su CV o de realizar alguna entrevista por una vacante laboral, sus datos personales serán archivados por un período de un año, tras el cual, de no haber sido seleccionado, serán borrados de nuestros sistemas.<br>Los datos proporcionados para el envío de la newsletter se conservarán hasta que nos manifieste su voluntad de no recibir más comunicaciones nuestras. Puede ejercer el derecho de oposición a través de los canales anunciados en esta Política de Privacidad.</p>
</div>



<div class="wp-block-seic-columna-seccio col vertical_superior esq">
<p>Legitimización<br>La legitimización para tratar los datos de los clientes, así como aquellos relacionados con los trabajadores, es el cumplimiento de la relación contractual.<br>La base legal para el tratamiento de los datos de los posibles clientes es el consentimiento del interesado.<br>La base legal para el tratamiento de sus datos para el envío de la newsletter y publicidad es el consentimiento por parte del interesado.</p>



<p class="has-large-font-size" id="block-f6d1eb43-469e-4fa5-92fc-a8923d572e67">Destinatarios</p>



<p id="block-9e89db74-8847-457d-a503-cb2c2addf4b5"><strong>Cesiones de datos a terceros</strong><br>Sus datos personales no serán cedidos a terceros sin su consentimiento, salvo aquellos proveedores de servicios con los que disponemos de un contrato de servicio vigente o que medie una ley que obligue a SEIC SL a tal cesión de datos.<br><strong>Categoría de datos</strong><br><strong>Tipología de datos tratados:</strong></p>



<p>Datos identificativos (Nombre, apellidos).</p>



<p>Datos de contacto (email, teléfono, dirección).</p>



<p>Datos bancarios.</p>



<p>Historial laboral.</p>



<p>Historial académico.</p>



<p class="has-large-font-size" id="block-1b717176-4b90-4d24-9958-cbc075aefd0b"><strong>Derechos</strong></p>



<p id="block-36560318-4042-404a-bec0-3b3daf795e75"><strong>Tiene derecho a:</strong></p>



<p>Acceder a los datos personales.</p>



<p>Rectificar los datos personales.</p>



<p>Suprimir los datos personales.</p>



<p>Presentar una denuncia o un escrito para la tutela de sus derechos ante la Agencia Española de Protección de Datos o ante la agencia autonómica de protección de datos, en caso de que existiera.</p>



<p>Ser informado de cualquier incidencia de seguridad que pueda afectar a sus derechos.</p>



<p>Limitación del tratamiento.</p>



<p>Portabilidad.</p>



<p id="block-582df5ad-5499-4cc2-9be4-02ff4bf4eae1">En los documentos (contrato de alquiler, oferta alquiler, pedido a proveedor…) hay que poner el siguiente texto:</p>



<p id="block-7f82dada-f1bd-4492-a72d-8339294eed34">SEIC SL recoge sus datos con la finalidad de poderle ofrecer el servicio que ha contratado, la base legal para poder tratar sus datos es el cumplimiento de la relación contractual, así como el interés legítimo del responsable del tratamiento. Sus datos no serán compartidos con ningún tercero, salvo aquellos proveedores de servicios con los que disponemos de un contrato de servicios vigente o que medie una ley que obligue a tal cesión de datos. Puede acceder, rectificar o suprimir los datos, así como ejercer los derechos que se mencionan en nuestra Política de Privacidad. Para más información consulta la Política de Privacidad en nuestra página web&nbsp;<a href="http://www.seic-evo.com">www.seic-evo.com</a></p>
</div>
</div></div></div>
